{"id":961,"date":"2022-08-31T07:14:16","date_gmt":"2022-08-31T07:14:16","guid":{"rendered":"https:\/\/demo.creativethemes.com\/elementor\/charity\/?page_id=961"},"modified":"2023-11-21T00:15:25","modified_gmt":"2023-11-21T00:15:25","slug":"nosotros","status":"publish","type":"page","link":"https:\/\/mandalaquimbaya.org\/index.php\/nosotros\/","title":{"rendered":"Nuestra pasi\u00f3n"},"content":{"rendered":"\t\t<div data-elementor-type=\"wp-page\" data-elementor-id=\"961\" class=\"elementor elementor-961\" data-elementor-post-type=\"page\">\n\t\t\t\t<div class=\"elementor-element elementor-element-55b7a04 e-flex e-con-boxed e-con e-parent\" data-id=\"55b7a04\" data-element_type=\"container\" data-settings=\"{&quot;background_background&quot;:&quot;classic&quot;}\">\n\t\t\t\t\t<div class=\"e-con-inner\">\n\t\t\t\t<div class=\"elementor-element elementor-element-dddb815 elementor-widget elementor-widget-heading\" data-id=\"dddb815\" data-element_type=\"widget\" data-widget_type=\"heading.default\">\n\t\t\t\t<div class=\"elementor-widget-container\">\n\t\t\t\t\t<h2 class=\"elementor-heading-title elementor-size-default\">Trabajamos juntos.<\/h2>\t\t\t\t<\/div>\n\t\t\t\t<\/div>\n\t\t\t\t<div class=\"elementor-element elementor-element-1ed0627 elementor-widget__width-initial elementor-widget elementor-widget-text-editor\" data-id=\"1ed0627\" data-element_type=\"widget\" data-widget_type=\"text-editor.default\">\n\t\t\t\t<div class=\"elementor-widget-container\">\n\t\t\t\t\t\t\t\t\t<p>Lorem ipsum dolor sit amet, consectetur adipiscing elit, sed do eiusmod tempor incididunt ut labore et dolore magna aliqua. Dui vivamus arcu felis bibendum ut tristique et egestas quis.<\/p>\t\t\t\t\t\t\t\t<\/div>\n\t\t\t\t<\/div>\n\t\t<div class=\"elementor-element elementor-element-2c54127 e-flex e-con-boxed e-con e-child\" data-id=\"2c54127\" data-element_type=\"container\">\n\t\t\t\t\t<div class=\"e-con-inner\">\n\t\t<div class=\"elementor-element elementor-element-06ebe98 e-con-full e-flex e-con e-child\" data-id=\"06ebe98\" data-element_type=\"container\">\n\t\t\t\t<div class=\"elementor-element elementor-element-24b2344 elementor-view-default elementor-widget elementor-widget-icon\" data-id=\"24b2344\" data-element_type=\"widget\" data-widget_type=\"icon.default\">\n\t\t\t\t<div class=\"elementor-widget-container\">\n\t\t\t\t\t\t\t<div class=\"elementor-icon-wrapper\">\n\t\t\t<div class=\"elementor-icon\">\n\t\t\t<svg xmlns=\"http:\/\/www.w3.org\/2000\/svg\" viewBox=\"0 0 60 60\" xml:space=\"preserve\">  <path d=\"M11.6 19.1H4.5c-2.5 0-4.5 2-4.5 4.5v9.8c0 1.7 1.2 3 2.7 3.4v14.4c0 1.5 1.2 2.7 2.7 2.7h5.4c1.5 0 2.7-1.2 2.7-2.7V37h2.7V23.6c-.1-2.4-2.2-4.5-4.6-4.5zM8 7.6c-2.5 0-4.5 2-4.5 4.5s2 4.5 4.5 4.5 4.5-2 4.5-4.5-2-4.5-4.5-4.5zm47.3 11.6h-7.1c-2.5 0-4.5 2-4.5 4.5v9.8c0 1.7 1.2 3 2.7 3.4v14.3c0 1.5 1.1 2.8 2.6 2.8h5.5c1.5 0 2.6-1.3 2.6-2.8V37.1c1.5 0 2.7-1.2 2.7-2.7V23.7c0-2.5-2-4.5-4.5-4.5zM51.8 7.6c-2.5 0-4.5 2-4.5 4.5s2 4.5 4.5 4.5 4.5-2 4.5-4.5-2.1-4.5-4.5-4.5z\" fill=\"#ffcd05\"><\/path>  <path d=\"M39.3 23.7v13.4c0 .8-.6 1.3-1.3 1.3h-1.3v12.9c0 2.2-1.8 4-4 4-1 0-2-.4-2.7-1-.7.6-1.6 1-2.7 1-2.2 0-4-1.8-4-4V39.7c0-.8.6-1.3 1.3-1.3.8 0 1.3.6 1.3 1.3v11.6c0 .8.6 1.3 1.3 1.3s1.3-.6 1.3-1.3V37.1c0-.8.6-1.3 1.3-1.3.8 0 1.3.6 1.3 1.3v14.3c0 .8.6 1.3 1.3 1.3s1.3-.6 1.3-1.3V37.1c0-.8.6-1.3 1.3-1.3h1.3v-12c0-1.7-1.4-3.1-3.1-3.1h-7.1c-1.7 0-3.1 1.4-3.1 3.1v13.4c0 .8-.6 1.3-1.3 1.3s-1.3-.6-1.3-1.3V23.7c0-3.2 2.6-5.8 5.8-5.8h7.1c3.4 0 6 2.6 6 5.8zM24.1 10.3c0-3.2 2.6-5.8 5.8-5.8s5.8 2.6 5.8 5.8-2.6 5.8-5.8 5.8-5.8-2.6-5.8-5.8zm2.7 0c0 1.7 1.4 3.1 3.1 3.1 1.7 0 3.1-1.4 3.1-3.1s-1.4-3.1-3.1-3.1c-1.7 0-3.1 1.4-3.1 3.1z\" fill=\"#444b54\"><\/path><\/svg>\t\t\t<\/div>\n\t\t<\/div>\n\t\t\t\t\t\t<\/div>\n\t\t\t\t<\/div>\n\t\t\t\t<div class=\"elementor-element elementor-element-b07a630 elementor-widget elementor-widget-counter\" data-id=\"b07a630\" data-element_type=\"widget\" data-widget_type=\"counter.default\">\n\t\t\t\t<div class=\"elementor-widget-container\">\n\t\t\t\t\t\t\t<div class=\"elementor-counter\">\n\t\t\t<div class=\"elementor-counter-title\">Voluntarios<\/div>\t\t\t<div class=\"elementor-counter-number-wrapper\">\n\t\t\t\t<span class=\"elementor-counter-number-prefix\"><\/span>\n\t\t\t\t<span class=\"elementor-counter-number\" data-duration=\"2000\" data-to-value=\"580\" data-from-value=\"0\" data-delimiter=\",\">0<\/span>\n\t\t\t\t<span class=\"elementor-counter-number-suffix\"><\/span>\n\t\t\t<\/div>\n\t\t<\/div>\n\t\t\t\t\t\t<\/div>\n\t\t\t\t<\/div>\n\t\t\t\t<\/div>\n\t\t<div class=\"elementor-element elementor-element-777156b e-con-full e-flex e-con e-child\" data-id=\"777156b\" data-element_type=\"container\">\n\t\t\t\t<div class=\"elementor-element elementor-element-79f298a elementor-view-default elementor-widget elementor-widget-icon\" data-id=\"79f298a\" data-element_type=\"widget\" data-widget_type=\"icon.default\">\n\t\t\t\t<div class=\"elementor-widget-container\">\n\t\t\t\t\t\t\t<div class=\"elementor-icon-wrapper\">\n\t\t\t<div class=\"elementor-icon\">\n\t\t\t<svg xmlns=\"http:\/\/www.w3.org\/2000\/svg\" viewBox=\"0 0 60 60\" xml:space=\"preserve\">  <path d=\"M58.4 50.4v-31l-20.8 2.1c-17.5 1.8-30.9 11.3-30.9 29h51.7z\" fill=\"#ffcd05\"><\/path>  <path d=\"m32 33.7-3.2-.8c-1-.3-1.6-1.1-1.6-2.1 0-1.2 1-2.2 2.2-2.2H31c1.1 0 2 .9 2 2 0 .9.7 1.6 1.6 1.6s1.6-.7 1.6-1.6c0-2.6-1.9-4.7-4.4-5v-.7c0-.9-.7-1.6-1.6-1.6s-1.6.7-1.6 1.6v.7c-2.5.4-4.4 2.6-4.4 5.2 0 2.4 1.7 4.5 4 5.1l3.2.8c1 .3 1.6 1.1 1.6 2.1 0 1.2-1 2.2-2.2 2.2h-1.6c-1.1 0-2-.9-2-2 0-.9-.7-1.6-1.6-1.6S24 38.1 24 39c0 2.6 1.9 4.7 4.4 5v.7c0 .9.7 1.6 1.6 1.6s1.6-.7 1.6-1.6V44c2.5-.4 4.4-2.6 4.4-5.2-.1-2.5-1.7-4.6-4-5.1z\" fill=\"#fff\"><\/path>  <path d=\"M58.4 52H1.5c-.9 0-1.6-.7-1.6-1.6v-31c0-.9.7-1.6 1.6-1.6h56.9c.9 0 1.6.7 1.6 1.6v31c0 .9-.7 1.6-1.6 1.6zM3.1 48.9h53.8v-28H3.1v28zm55.3-32.6c-19.1 0-33-1.8-50.2-4.9v3.3c0 .9-.7 1.6-1.6 1.6S5 15.6 5 14.7V9.6c0-.5.2-.9.6-1.2s.8-.4 1.3-.3l.5.1c17.6 3.2 31.6 5 50.9 5 .9 0 1.6.7 1.6 1.6s-.6 1.5-1.5 1.5z\" fill=\"#454b54\"><\/path><\/svg>\t\t\t<\/div>\n\t\t<\/div>\n\t\t\t\t\t\t<\/div>\n\t\t\t\t<\/div>\n\t\t\t\t<div class=\"elementor-element elementor-element-9e66fbf elementor-widget elementor-widget-counter\" data-id=\"9e66fbf\" data-element_type=\"widget\" data-widget_type=\"counter.default\">\n\t\t\t\t<div class=\"elementor-widget-container\">\n\t\t\t\t\t\t\t<div class=\"elementor-counter\">\n\t\t\t<div class=\"elementor-counter-title\">Donaciones<\/div>\t\t\t<div class=\"elementor-counter-number-wrapper\">\n\t\t\t\t<span class=\"elementor-counter-number-prefix\"><\/span>\n\t\t\t\t<span class=\"elementor-counter-number\" data-duration=\"2000\" data-to-value=\"980\" data-from-value=\"0\" data-delimiter=\",\">0<\/span>\n\t\t\t\t<span class=\"elementor-counter-number-suffix\"><\/span>\n\t\t\t<\/div>\n\t\t<\/div>\n\t\t\t\t\t\t<\/div>\n\t\t\t\t<\/div>\n\t\t\t\t<\/div>\n\t\t<div class=\"elementor-element elementor-element-0f58c0f e-con-full e-flex e-con e-child\" data-id=\"0f58c0f\" data-element_type=\"container\">\n\t\t\t\t<div class=\"elementor-element elementor-element-1ae0e60 elementor-view-default elementor-widget elementor-widget-icon\" data-id=\"1ae0e60\" data-element_type=\"widget\" data-widget_type=\"icon.default\">\n\t\t\t\t<div class=\"elementor-widget-container\">\n\t\t\t\t\t\t\t<div class=\"elementor-icon-wrapper\">\n\t\t\t<div class=\"elementor-icon\">\n\t\t\t<svg xmlns=\"http:\/\/www.w3.org\/2000\/svg\" viewBox=\"0 0 60 60\" xml:space=\"preserve\">  <path d=\"M38.2 21.6c4.6 4.6 4.6 12.1 0 16.8s-12.1 4.6-16.8 0-4.6-12.1 0-16.8 12.2-4.6 16.8 0zm16.6 4.9c-2 0-3.6 1.6-3.6 3.6s1.6 3.6 3.6 3.6 3.6-1.6 3.6-3.6c-.1-2-1.7-3.6-3.6-3.6zM17.4 48c-2 0-3.6 1.6-3.6 3.6s1.6 3.6 3.6 3.6 3.6-1.6 3.6-3.6-1.6-3.6-3.6-3.6zm0-36c2 0 3.6-1.6 3.6-3.6s-1.6-3.6-3.6-3.6-3.6 1.6-3.6 3.6c.1 2 1.6 3.6 3.6 3.6z\" fill=\"#ffcd05\"><\/path>  <path d=\"M24.8 25c2.8-2.8 7.3-2.8 10.1 0s2.8 7.3 0 10.1-7.3 2.8-10.1 0-2.7-7.3 0-10.1z\" fill=\"#fff\"><\/path>  <path d=\"M29.9 43.3c-3.6 0-6.9-1.4-9.4-3.9-5.2-5.2-5.2-13.6 0-18.8 2.5-2.5 5.8-3.9 9.4-3.9s6.9 1.4 9.4 3.9c5.2 5.2 5.2 13.6 0 18.8-2.6 2.5-5.9 3.9-9.4 3.9zm0-23.7c-2.8 0-5.4 1.1-7.4 3-4.1 4.1-4.1 10.7 0 14.7 2 2 4.6 3.1 7.4 3.1s5.4-1.1 7.4-3c4.1-4.1 4.1-10.7 0-14.7-2-2-4.6-3.1-7.4-3.1zm28.4 6.9c-1.9-1.9-5.1-1.9-7 0-.6.6-1 1.3-1.2 2.1h-3.6c-.8 0-1.4.6-1.4 1.4 0 .8.6 1.4 1.4 1.4H50c.2.8.7 1.5 1.2 2.1.9.9 2.2 1.5 3.5 1.5s2.6-.5 3.5-1.5c2-1.9 2-5 .1-7zm-2 5c-.9.9-2.2.9-3 0-.9-.9-.9-2.2 0-3 .9-.9 2.2-.9 3 0 .8.9.8 2.2 0 3zM43.6 46.8c-.8-.2-1.7-.2-2.5 0l-1.8-3c-.4-.7-1.3-.9-1.9-.5-.7.4-.9 1.3-.5 1.9l1.8 3c-.6.6-1 1.3-1.2 2.1-.7 2.7.9 5.4 3.5 6.1.4.1.9.2 1.3.2.9 0 1.7-.2 2.5-.7 1.1-.7 2-1.8 2.3-3 .7-2.7-.8-5.4-3.5-6.1zm.8 5.3c-.1.6-.5 1-1 1.3-.5.3-1.1.4-1.6.2-.6-.1-1-.5-1.3-1s-.4-1.1-.2-1.6c.1-.6.5-1 1-1.3.5-.3 1.1-.4 1.6-.2 1.1.3 1.8 1.5 1.5 2.6zM21 11.9c.6-.6 1-1.3 1.2-2.1.7-2.7-.9-5.4-3.5-6.1-1.3-.3-2.6-.2-3.8.5-1.1.7-2 1.8-2.3 3-.7 2.7.9 5.4 3.5 6.1.4.1.9.2 1.3.2s.8 0 1.1-.1l1.8 3c.3.5.8.7 1.2.7.2 0 .5 0 .7-.2.7-.4.9-1.3.5-1.9L21 11.9zm-4.1-1.4c-1.1-.3-1.8-1.5-1.5-2.6.1-.6.5-1 1-1.3.5-.3 1.1-.4 1.6-.2.6.1 1 .5 1.3 1s.4 1.1.2 1.6c-.1.6-.5 1-1 1.3-.5.3-1.1.4-1.6.2zm-3.6 20.9c.8 0 1.4-.6 1.4-1.4 0-.8-.6-1.4-1.4-1.4H9.8c-.2-.8-.7-1.5-1.2-2.1-1.9-1.9-5.1-1.9-7 0-2 1.9-2 5.1 0 7 .9.9 2.2 1.5 3.5 1.5 1.3 0 2.6-.5 3.5-1.5.6-.6 1-1.3 1.2-2.1h3.5zm-6.8.1c-.9.9-2.2.9-3 0-.9-.9-.9-2.2 0-3 .9-.9 2.2-.9 3 0 .8.9.8 2.2 0 3zm31-14.6c.2.1.5.2.7.2.5 0 .9-.2 1.2-.7l1.8-3c.4.1.8.1 1.1.1.4 0 .9 0 1.3-.2 2.7-.7 4.2-3.5 3.5-6.1-.3-1.3-1.2-2.4-2.3-3s-2.5-.9-3.8-.5c-2.7.7-4.2 3.5-3.5 6.1.2.8.6 1.5 1.2 2.1l-1.8 3c-.3.7-.1 1.6.6 2zm3-9.5c.3-.5.8-.9 1.3-1 .2 0 .4-.1.6-.1.4 0 .7.1 1 .3.5.3.9.8 1 1.3.3 1.1-.4 2.3-1.5 2.6-.5.2-1.1.1-1.6-.2-.5-.3-.9-.8-1-1.3-.2-.5-.1-1.1.2-1.6zM22.3 43.2c-.7-.4-1.6-.1-1.9.5l-1.8 3c-.8-.2-1.6-.2-2.5 0-2.7.7-4.2 3.5-3.5 6.1.3 1.3 1.2 2.4 2.3 3 .8.4 1.6.7 2.5.7.4 0 .9 0 1.3-.2 2.7-.7 4.2-3.5 3.5-6.1-.2-.8-.6-1.5-1.2-2.1l1.8-3c.4-.7.1-1.6-.5-1.9zm-3.1 9.4c-.3.5-.8.9-1.3 1-.6.1-1.1.1-1.6-.2s-.9-.8-1-1.3c-.3-1.1.4-2.3 1.5-2.6.2 0 .4-.1.6-.1.4 0 .7.1 1 .3.5.3.9.8 1 1.3.2.6.1 1.2-.2 1.6z\" fill=\"#444b54\"><\/path><\/svg>\t\t\t<\/div>\n\t\t<\/div>\n\t\t\t\t\t\t<\/div>\n\t\t\t\t<\/div>\n\t\t\t\t<div class=\"elementor-element elementor-element-8bb2b4e elementor-widget elementor-widget-counter\" data-id=\"8bb2b4e\" data-element_type=\"widget\" data-widget_type=\"counter.default\">\n\t\t\t\t<div class=\"elementor-widget-container\">\n\t\t\t\t\t\t\t<div class=\"elementor-counter\">\n\t\t\t<div class=\"elementor-counter-title\">Proyectos<\/div>\t\t\t<div class=\"elementor-counter-number-wrapper\">\n\t\t\t\t<span class=\"elementor-counter-number-prefix\"><\/span>\n\t\t\t\t<span class=\"elementor-counter-number\" data-duration=\"2000\" data-to-value=\"987\" data-from-value=\"0\" data-delimiter=\",\">0<\/span>\n\t\t\t\t<span class=\"elementor-counter-number-suffix\"><\/span>\n\t\t\t<\/div>\n\t\t<\/div>\n\t\t\t\t\t\t<\/div>\n\t\t\t\t<\/div>\n\t\t\t\t<\/div>\n\t\t<div class=\"elementor-element elementor-element-6247e19 e-con-full e-flex e-con e-child\" data-id=\"6247e19\" data-element_type=\"container\">\n\t\t\t\t<div class=\"elementor-element elementor-element-92e170b elementor-view-default elementor-widget elementor-widget-icon\" data-id=\"92e170b\" data-element_type=\"widget\" data-widget_type=\"icon.default\">\n\t\t\t\t<div class=\"elementor-widget-container\">\n\t\t\t\t\t\t\t<div class=\"elementor-icon-wrapper\">\n\t\t\t<div class=\"elementor-icon\">\n\t\t\t<svg xmlns=\"http:\/\/www.w3.org\/2000\/svg\" viewBox=\"0 0 60 60\" xml:space=\"preserve\">  <path fill=\"#fff\" d=\"M32.1 2h15.3v13.2H32.1z\"><\/path>  <path d=\"m52.5 13.7 5 6.6H38.7V7.1h18.8l-5 6.6zM1.7 57.9h39.7l-19-20.3L1.7 57.9z\" fill=\"#ffcd05\"><\/path>  <path d=\"M42.3 56.9c.5.7.4 1.6-.3 2.1-.3.2-.6.3-.9.3-.5 0-.9-.2-1.2-.6L22.5 40 3 58.7c-.5.7-1.5.8-2.1.3-.7-.5-.8-1.5-.3-2.1l20.7-20.3c.3-.4.8-.6 1.2-.6.5 0 .9.2 1.2.6l18.6 20.3zm.4-14.6s0-.1 0 0l-9.1-9.9V3.5h12.2v10.1h-8.7c-.9 0-1.5.7-1.5 1.5s.7 1.5 1.5 1.5h10.2c.9 0 1.5-.7 1.5-1.5V2c0-.9-.7-1.5-1.5-1.5H32c-.9 0-1.5.7-1.5 1.5v29.8l-1.8 2.4c-.5.7-.4 1.7.4 2.1.7.5 1.7.3 2.1-.4l.6-.9 6.2 6.5 15.7 16.9c.3.4.8.6 1.2.6.4 0 .7-.1.9-.3.7-.5.8-1.5.3-2.1L42.7 42.3zm11.7-28.6L58.8 8c.4-.5.4-1.1.2-1.6-.3-.6-.8-.9-1.4-.9h-5.1c-.9 0-1.5.7-1.5 1.5s.7 1.5 1.5 1.5h2l-3.2 4.2c-.4.6-.4 1.3 0 1.9l3.2 4.2H39.8c-.9 0-1.5.7-1.5 1.5s.7 1.5 1.5 1.5h17.7c.6 0 1.1-.3 1.3-.8.3-.6.2-1.2-.2-1.6l-4.2-5.7z\" fill=\"#454b54\"><\/path><\/svg>\t\t\t<\/div>\n\t\t<\/div>\n\t\t\t\t\t\t<\/div>\n\t\t\t\t<\/div>\n\t\t\t\t<div class=\"elementor-element elementor-element-f92ecc8 elementor-widget elementor-widget-counter\" data-id=\"f92ecc8\" data-element_type=\"widget\" data-widget_type=\"counter.default\">\n\t\t\t\t<div class=\"elementor-widget-container\">\n\t\t\t\t\t\t\t<div class=\"elementor-counter\">\n\t\t\t<div class=\"elementor-counter-title\">Estudiantes<\/div>\t\t\t<div class=\"elementor-counter-number-wrapper\">\n\t\t\t\t<span class=\"elementor-counter-number-prefix\"><\/span>\n\t\t\t\t<span class=\"elementor-counter-number\" data-duration=\"2000\" data-to-value=\"320\" data-from-value=\"0\" data-delimiter=\",\">0<\/span>\n\t\t\t\t<span class=\"elementor-counter-number-suffix\"><\/span>\n\t\t\t<\/div>\n\t\t<\/div>\n\t\t\t\t\t\t<\/div>\n\t\t\t\t<\/div>\n\t\t\t\t<\/div>\n\t\t\t\t\t<\/div>\n\t\t\t\t<\/div>\n\t\t\t\t\t<\/div>\n\t\t\t\t<\/div>\n\t\t<div class=\"elementor-element elementor-element-d59b0cb e-flex e-con-boxed e-con e-parent\" data-id=\"d59b0cb\" data-element_type=\"container\">\n\t\t\t\t\t<div class=\"e-con-inner\">\n\t\t<div class=\"elementor-element elementor-element-e55f7a6 e-con-full e-flex e-con e-child\" data-id=\"e55f7a6\" data-element_type=\"container\">\n\t\t\t\t<div class=\"elementor-element elementor-element-32dfca5 elementor-widget elementor-widget-heading\" data-id=\"32dfca5\" data-element_type=\"widget\" data-widget_type=\"heading.default\">\n\t\t\t\t<div class=\"elementor-widget-container\">\n\t\t\t\t\t<h2 class=\"elementor-heading-title elementor-size-default\">El progreso, el crecimiento y el aprendizaje son el camino a seguir<\/h2>\t\t\t\t<\/div>\n\t\t\t\t<\/div>\n\t\t\t\t<div class=\"elementor-element elementor-element-a7dec03 elementor-widget elementor-widget-text-editor\" data-id=\"a7dec03\" data-element_type=\"widget\" data-widget_type=\"text-editor.default\">\n\t\t\t\t<div class=\"elementor-widget-container\">\n\t\t\t\t\t\t\t\t\t<p>En Corporaci\u00f3n Mandala Quimbaya co-creamos soluciones alternativas, con metodolog\u00edas que facilitan la validaci\u00f3n del conocimiento local y el desarrollo de habilidades necesarias para la innovaci\u00f3n, cooperaci\u00f3n y superaci\u00f3n de las problem\u00e1ticas de las poblaciones campesinas, neorrurales, periurbanas o urbanas, hacia la transici\u00f3n agroecol\u00f3gica y la transformaci\u00f3n sostenible de los territorios<\/p>\t\t\t\t\t\t\t\t<\/div>\n\t\t\t\t<\/div>\n\t\t\t\t<\/div>\n\t\t<div class=\"elementor-element elementor-element-6093a4e e-con-full e-flex e-con e-child\" data-id=\"6093a4e\" data-element_type=\"container\" data-settings=\"{&quot;background_background&quot;:&quot;classic&quot;}\">\n\t\t\t\t<div class=\"elementor-element elementor-element-ce9eb58 elementor-view-default elementor-widget elementor-widget-icon\" data-id=\"ce9eb58\" data-element_type=\"widget\" data-widget_type=\"icon.default\">\n\t\t\t\t<div class=\"elementor-widget-container\">\n\t\t\t\t\t\t\t<div class=\"elementor-icon-wrapper\">\n\t\t\t<a class=\"elementor-icon\" href=\"https:\/\/youtu.be\/eLTfGT-_vKE\" target=\"_blank\">\n\t\t\t<svg xmlns=\"http:\/\/www.w3.org\/2000\/svg\" viewBox=\"0 0 256 320\" aria-hidden=\"true\"><path d=\"M0 0v320l256-160L0 0z\"><\/path><\/svg>\t\t\t<\/a>\n\t\t<\/div>\n\t\t\t\t\t\t<\/div>\n\t\t\t\t<\/div>\n\t\t\t\t<\/div>\n\t\t\t\t\t<\/div>\n\t\t\t\t<\/div>\n\t\t<div class=\"elementor-element elementor-element-962ad77 e-flex e-con-boxed e-con e-parent\" data-id=\"962ad77\" data-element_type=\"container\">\n\t\t\t\t\t<div class=\"e-con-inner\">\n\t\t<div class=\"elementor-element elementor-element-4b8d2fc e-con-full e-flex e-con e-child\" data-id=\"4b8d2fc\" data-element_type=\"container\" data-settings=\"{&quot;background_background&quot;:&quot;classic&quot;}\">\n\t\t\t\t<div class=\"elementor-element elementor-element-72de7ba elementor-view-default elementor-widget elementor-widget-icon\" data-id=\"72de7ba\" data-element_type=\"widget\" data-widget_type=\"icon.default\">\n\t\t\t\t<div class=\"elementor-widget-container\">\n\t\t\t\t\t\t\t<div class=\"elementor-icon-wrapper\">\n\t\t\t<a class=\"elementor-icon\" href=\"https:\/\/youtu.be\/eLTfGT-_vKE\" target=\"_blank\">\n\t\t\t<svg xmlns=\"http:\/\/www.w3.org\/2000\/svg\" viewBox=\"0 0 256 320\" aria-hidden=\"true\"><path d=\"M0 0v320l256-160L0 0z\"><\/path><\/svg>\t\t\t<\/a>\n\t\t<\/div>\n\t\t\t\t\t\t<\/div>\n\t\t\t\t<\/div>\n\t\t\t\t<\/div>\n\t\t<div class=\"elementor-element elementor-element-5af0957 e-con-full e-flex e-con e-child\" data-id=\"5af0957\" data-element_type=\"container\">\n\t\t\t\t<div class=\"elementor-element elementor-element-8e1b2fd elementor-widget elementor-widget-heading\" data-id=\"8e1b2fd\" data-element_type=\"widget\" data-widget_type=\"heading.default\">\n\t\t\t\t<div class=\"elementor-widget-container\">\n\t\t\t\t\t<h2 class=\"elementor-heading-title elementor-size-default\">Con un prop\u00f3sito<\/h2>\t\t\t\t<\/div>\n\t\t\t\t<\/div>\n\t\t\t\t<div class=\"elementor-element elementor-element-76f7a3c elementor-widget elementor-widget-text-editor\" data-id=\"76f7a3c\" data-element_type=\"widget\" data-widget_type=\"text-editor.default\">\n\t\t\t\t<div class=\"elementor-widget-container\">\n\t\t\t\t\t\t\t\t\t<p>Seremos reconocidos por los impactos logrados con nuestro modelo de cambio, en el liderazgo social y la gesti\u00f3n del conocimiento local dentro de las comunidades con las que trabajamos; en colaboraci\u00f3n con socios, organizaciones de apoyo, patrocinadores y voluntarios.<\/p>\t\t\t\t\t\t\t\t<\/div>\n\t\t\t\t<\/div>\n\t\t\t\t<\/div>\n\t\t\t\t\t<\/div>\n\t\t\t\t<\/div>\n\t\t<div class=\"elementor-element elementor-element-b648075 e-flex e-con-boxed e-con e-parent\" data-id=\"b648075\" data-element_type=\"container\" data-settings=\"{&quot;background_background&quot;:&quot;classic&quot;}\">\n\t\t\t\t\t<div class=\"e-con-inner\">\n\t\t<div class=\"elementor-element elementor-element-440f77b e-con-full e-flex e-con e-child\" data-id=\"440f77b\" data-element_type=\"container\">\n\t\t\t\t<div class=\"elementor-element elementor-element-8bf5acf elementor-widget elementor-widget-text-editor\" data-id=\"8bf5acf\" data-element_type=\"widget\" data-widget_type=\"text-editor.default\">\n\t\t\t\t<div class=\"elementor-widget-container\">\n\t\t\t\t\t\t\t\t\t<p>Convi\u00e9rtete en voluntario.<\/p>\t\t\t\t\t\t\t\t<\/div>\n\t\t\t\t<\/div>\n\t\t\t\t<div class=\"elementor-element elementor-element-fc78c66 elementor-widget-divider--view-line elementor-widget elementor-widget-divider\" data-id=\"fc78c66\" data-element_type=\"widget\" data-widget_type=\"divider.default\">\n\t\t\t\t<div class=\"elementor-widget-container\">\n\t\t\t\t\t\t\t<div class=\"elementor-divider\">\n\t\t\t<span class=\"elementor-divider-separator\">\n\t\t\t\t\t\t<\/span>\n\t\t<\/div>\n\t\t\t\t\t\t<\/div>\n\t\t\t\t<\/div>\n\t\t\t\t<div class=\"elementor-element elementor-element-f7abcd0 elementor-widget elementor-widget-heading\" data-id=\"f7abcd0\" data-element_type=\"widget\" data-widget_type=\"heading.default\">\n\t\t\t\t<div class=\"elementor-widget-container\">\n\t\t\t\t\t<h2 class=\"elementor-heading-title elementor-size-default\">\u00danete a nosotros para ayudar a construir comunidad.<\/h2>\t\t\t\t<\/div>\n\t\t\t\t<\/div>\n\t\t\t\t<div class=\"elementor-element elementor-element-ad223d4 elementor-widget elementor-widget-text-editor\" data-id=\"ad223d4\" data-element_type=\"widget\" data-widget_type=\"text-editor.default\">\n\t\t\t\t<div class=\"elementor-widget-container\">\n\t\t\t\t\t\t\t\t\t<p>\u00a1Excelente decisi\u00f3n! Hacer voluntariado con comunidades rurales es una oportunidad incre\u00edble para ser parte de un cambio positivo en el mundo.<\/p>\t\t\t\t\t\t\t\t<\/div>\n\t\t\t\t<\/div>\n\t\t\t\t<div class=\"elementor-element elementor-element-97d57d9 elementor-mobile-align-center elementor-widget elementor-widget-button\" data-id=\"97d57d9\" data-element_type=\"widget\" data-widget_type=\"button.default\">\n\t\t\t\t<div class=\"elementor-widget-container\">\n\t\t\t\t\t\t\t\t\t<div class=\"elementor-button-wrapper\">\n\t\t\t\t\t<a class=\"elementor-button elementor-button-link elementor-size-md\" href=\"#\">\n\t\t\t\t\t\t<span class=\"elementor-button-content-wrapper\">\n\t\t\t\t\t\t\t\t\t<span class=\"elementor-button-text\">Aplicar<\/span>\n\t\t\t\t\t<\/span>\n\t\t\t\t\t<\/a>\n\t\t\t\t<\/div>\n\t\t\t\t\t\t\t\t<\/div>\n\t\t\t\t<\/div>\n\t\t\t\t<\/div>\n\t\t\t\t\t<\/div>\n\t\t\t\t<\/div>\n\t\t\t\t<\/div>\n\t\t","protected":false},"excerpt":{"rendered":"<p>Trabajamos juntos. Lorem ipsum dolor sit amet, consectetur adipiscing elit, sed do eiusmod tempor incididunt ut labore et dolore magna aliqua. Dui vivamus arcu felis bibendum ut tristique et egestas quis. 0 Voluntarios 0 Donaciones 0 Proyectos 0 Estudiantes El progreso, el crecimiento y el aprendizaje son el camino a seguir En Corporaci\u00f3n Mandala Quimbaya [&hellip;]<\/p>\n","protected":false},"author":1,"featured_media":1393,"parent":0,"menu_order":0,"comment_status":"closed","ping_status":"closed","template":"","meta":{"_monsterinsights_skip_tracking":false,"_monsterinsights_sitenote_active":false,"_monsterinsights_sitenote_note":"","_monsterinsights_sitenote_category":0,"footnotes":""},"class_list":["post-961","page","type-page","status-publish","has-post-thumbnail","hentry"],"blocksy_meta":{"styles_descriptor":{"styles":{"desktop":"","tablet":"","mobile":""},"google_fonts":[],"version":6}},"_links":{"self":[{"href":"https:\/\/mandalaquimbaya.org\/index.php\/wp-json\/wp\/v2\/pages\/961","targetHints":{"allow":["GET"]}}],"collection":[{"href":"https:\/\/mandalaquimbaya.org\/index.php\/wp-json\/wp\/v2\/pages"}],"about":[{"href":"https:\/\/mandalaquimbaya.org\/index.php\/wp-json\/wp\/v2\/types\/page"}],"author":[{"embeddable":true,"href":"https:\/\/mandalaquimbaya.org\/index.php\/wp-json\/wp\/v2\/users\/1"}],"replies":[{"embeddable":true,"href":"https:\/\/mandalaquimbaya.org\/index.php\/wp-json\/wp\/v2\/comments?post=961"}],"version-history":[{"count":16,"href":"https:\/\/mandalaquimbaya.org\/index.php\/wp-json\/wp\/v2\/pages\/961\/revisions"}],"predecessor-version":[{"id":1490,"href":"https:\/\/mandalaquimbaya.org\/index.php\/wp-json\/wp\/v2\/pages\/961\/revisions\/1490"}],"wp:featuredmedia":[{"embeddable":true,"href":"https:\/\/mandalaquimbaya.org\/index.php\/wp-json\/wp\/v2\/media\/1393"}],"wp:attachment":[{"href":"https:\/\/mandalaquimbaya.org\/index.php\/wp-json\/wp\/v2\/media?parent=961"}],"curies":[{"name":"wp","href":"https:\/\/api.w.org\/{rel}","templated":true}]}}